669838.
2, 15834919
List the prime factors of 383029832.
2, 73, 317, 2069
What are the prime factors of 150067661?
3761, 39901
List the prime factors of 1385653571.
53, 2857, 9151
What are the prime factors of 183845796?
2, 3, 15320483
What are the prime factors of 1463097490?
2, 5, 103, 1420483
What are the prime factors of 89334965?
5, 907, 19699
What are the prime factors of 9384461?
19, 493919
List the prime factors of 481528021.
13, 1583, 23399
What are the prime factors of 320778504?
2, 3, 61, 73037
What are the prime factors of 239244878?
2, 601, 199039
What are the prime factors of 157985365?
5, 659, 47947
What are the prime factors of 72201429?
3, 43, 62189
What are the prime factors of 231822542?
2, 7, 179, 92507
What are the prime factors of 51226418?
2, 25613209
What are the prime factors of 42070866?
2, 3, 7011811
List the prime factors of 6494648477.
58237, 111521
List the prime factors of 198108888.
2, 3, 17, 113, 4297
List the prime factors of 243374157.
3, 13, 2080121
List the prime factors of 59040153.
3, 6560017
What are the prime factors of 70555325?
5, 2822213
What are the prime factors of 520895522?
2, 7, 109, 341347
List the prime factors of 17563048.
2, 2195381
What are the prime factors of 2054752?
2, 7, 9173
What are the prime factors of 8289008550?
2, 3, 5, 109, 168991
List the prime factors of 52596132.
2, 3, 4383011
What are the prime factors of 551832312?
2, 3, 4273, 5381
What are the prime factors of 811913566?
2, 173, 443, 5297
List the prime factors of 38998989.
3, 481469
What are the prime factors of 542474634?
2, 3, 13, 97, 71699
What are the prime factors of 1417234646?
2, 708617323
List the prime factors of 124146465.
3, 5, 8276431
What are the prime factors of 124028617?
17, 449, 16249
List the prime factors of 528512325.
3, 5, 11, 640621
What are the prime factors of 236191866?
2, 3, 71, 571, 971
List the prime factors of 633067094.
2, 11, 28775777
List the prime factors of 1775533883.
1775533883
What are the prime factors of 656912714?
2, 1601, 205157
List the prime factors of 351926945.
5, 17, 877, 4721
List the prime factors of 367749795.
3, 5, 7, 97, 36107
What are the prime factors of 2371937679?
3, 263548631
What are the prime factors of 40609994?
2, 20304997
What are the prime factors of 4397501724?
2, 3, 7, 11, 17, 71, 3943
What are the prime factors of 1821478972?
2, 3691, 123373
List the prime factors of 6393059.
6393059
List the prime factors of 15099841.
617, 24473
List the prime factors of 268174619.
268174619
What are the prime factors of 2152482958?
2, 53, 59, 344177
List the prime factors of 38093789.
38093789
List the prime factors of 30226468.
2, 29, 260573
List the prime factors of 82209361.
13, 59, 107183
List the prime factors of 730094413.
751, 972163
What are the prime factors of 121894079?
107, 1139197
What are the prime factors of 23749162?
2, 31, 383051
List the prime factors of 1259451420.
2, 3, 5, 20990857
List the prime factors of 290855946.
2, 3, 191, 253801
What are the prime factors of 4016398031?
14419, 278549
List the prime factors of 104120003.
13, 8009231
What are the prime factors of 92052961?
7, 11, 13, 91961
What are the prime factors of 1891851858?
2, 3, 13, 8084837
List the prime factors of 2320017736.
2, 290002217
List the prime factors of 275329422.
2, 3, 29, 109, 1613
What are the prime factors of 696772232?
2, 13, 131, 199, 257
What are the prime factors of 25172256?
2, 3, 263, 997
List the prime factors of 330032650.
2, 5, 101, 65353
What are the prime factors of 6200157306?
2, 3, 7, 103, 149, 9619
What are the prime factors of 539285878?
2, 37, 7287647
What are the prime factors of 1120488057?
3, 13, 37, 41, 59, 107
List the prime factors of 128142612.
2, 3, 13, 19, 14411
List the prime factors of 223963626.
2, 3, 107, 131, 2663
List the prime factors of 387705723.
3, 17, 2017, 3769
List the prime factors of 202914673.
13, 137, 113933
List the prime factors of 414802657.
101, 4106957
What are the prime factors of 94052772?
2, 3, 11, 17, 4657
What are the prime factors of 17207320?
2, 5, 13, 33091
What are the prime factors of 2033981397?
3, 7, 32285419
What are the prime factors of 1918702017?
3, 1381, 154373
List the prime factors of 3090582200.
2, 5, 29, 31, 17189
What are the prime factors of 7216460?
2, 5, 360823
List the prime factors of 46548948.
2, 3, 617, 6287
What are the prime factors of 3945931635?
3, 5, 23, 41, 83, 3361
List the prime factors of 18709126.
2, 103, 90821
List the prime factors of 426837897.
3, 743, 21277
List the prime factors of 128837725.
5, 5153509
List the prime factors of 335238154.
2, 31, 577, 9371
What are the prime factors of 360218577?
3, 120072859
List the prime factors of 280470056.
2, 47, 745931
What are the prime factors of 196931821?
196931821
List the prime factors of 70691268.
2, 3, 131, 193, 233
List the prime factors of 3226096928.
2, 100815529
What are the prime factors of 2490119772?
2, 3, 7, 1201, 24683
What are the prime factors of 144917440?
2, 5, 131, 3457
What are the prime factors of 50559401?
59, 856939
List the prime factors of 433098394.
2, 37, 5852681
What are the prime factors of 87063598?
2, 43531799
What are the prime factors of 1177382785?
5, 19, 43, 233, 1237
List the prime factors of 216242270.
2, 5, 29, 43, 17341
What are the prime factors of 1376950?
2, 5, 27539
What are the prime factors of 54525351?
3, 1009, 18013
What are the prime factors of 1820893544?
2, 8369, 27197
List the prime factors of 56630194.
2, 181, 156437
List the prime factors of 277258277.
41, 173, 39089
List the prime factors of 125204734.
2, 41, 43, 35509
List the prime factors of 1002332104.
2, 17, 29, 254141
What are the prime factors of 38808491?
433, 89627
What are the prime factors of 903584420?
2, 5, 4639, 9739
What are the prime factors of 1653432158?
2, 7, 29, 193, 21101
What are the prime factors of 1711610820?
2, 3, 5, 19, 500471
List the prime factors of 658324655.
5, 59, 2231609
List the prime factors of 3796210377.
3, 41, 61, 191, 883
List the prime factors of 576391418.
2, 607, 474787
What are the prime factors of 1470945727?
1301, 1130627
What are the prime factors of 28391604?
2, 3, 313, 7559
List the prime factors of 71868994.
2, 35934497
What are the prime factors of 6070437917?
67, 257, 352543
List the prime factors of 585557184.
2, 3, 23, 97, 1367
What are the prime factors of 32677248?
2, 3, 43, 1979
List the prime factors of 85110051.
3, 13, 23, 239, 397
List the prime factors of 47261646.
2, 3, 1049, 2503
List the prime factors of 5883097472.
2, 7, 6565957
What are the prime factors of 1786772026?
2, 13, 173, 397237
List the prime factors of 307193147.
307193147
List the prime factors of 2746221732.
2, 3, 421, 2237
What are the prime factors of 1442742588?
2, 3, 7, 5725169
List the prime factors of 717345507.
3, 239115169
List the prime factors of 784781076.
2, 3, 65398423
What are the prime factors of 1241970318?
2, 3, 967, 71353
What are the prime factors of 405968?
2, 25373
List the prime factors of 48355460.
2, 5, 2417773
What are the prime factors of 865197948?
2, 3, 29, 59, 42139
What are the prime factors of 412791514?
2, 61, 3383537
What are the prime factors of 100821066?
2, 3, 16803511
What are the prime factors of 528811398?
2, 3, 29378411
List the prime factors of 255092862.
2, 3, 23, 31, 59629
List the prime factors of 3050387608.
2, 47, 647, 12539
List the prime factors of 134277698.
2, 491, 136739
What are the prime factors of 1116945507?
3, 372315169
List the prime factors of 96234062.
2, 307, 156733
List the prime factors of 1048757317.
2371, 442327
What are the prime factors of 164903034?
2, 3, 53, 179, 2897
List the prime factors of 30267890.
2, 5, 3026789
What are the prime factors of 466615742?
2, 29, 8045099
What are the prime factors of 164895815?
5, 7, 113, 173, 241
What are the prime factors of 40415829?
3, 43, 313301
What are the prime factors of 524780083?
53, 1049, 9439
List the prime factors of 1947915940.
2, 5, 47, 73, 28387
List the prime factors of 362058758.
2, 17, 10648787
What are the prime factors of 707238960?
2, 3, 5, 23, 31, 4133
What are the prime factors of 284913267?
3, 5471, 17359
List the prime factors of 139511130.
2, 3, 5, 11, 422761
List the prime fac